{"id":36,"date":"2021-03-29T07:24:46","date_gmt":"2021-03-29T07:24:46","guid":{"rendered":"https:\/\/paul-coppere.com\/?page_id=140"},"modified":"2023-06-28T13:13:15","modified_gmt":"2023-06-28T11:13:15","slug":"about","status":"publish","type":"page","link":"https:\/\/paul-coppere.com\/?page_id=36","title":{"rendered":"A propos"},"content":{"rendered":"<div class=\"bm-builder clearfix \"><div id=\"row-paragraph-propos\" class=\"module col-8 module-id-1617002701667 bm-wrap row-top row-right\" data-module-col=\"8\" data-change-color=\"off\" data-backcolor=\"transparent\" data-frontcolor=\"\" data-logocolor=\"\" data-goto-top=\"off\" data-goto-top-spacing=\"0\" data-goto-disable-m=\"off\" data-groupsameheight=\"off\"><div class=\"module-inside group-inside\" style=\"--cornerRadius:0px 0px 0px 0px ; --top-mod: 0px;--bottom-mod: 0px;--top-mod-t: 0px;--bottom-mod-t: 0px;--top-mod-m:0px;--bottom-mod-m:0px;\" ><div id=\"\" class=\"module col-8 module-id-1617002702984 col-offset-0\" data-module-col=\"8\"><div class=\"module-inside text-inside\" style=\"--top-mod: 220px;--bottom-mod: 0px;--top-mod-t: 220px;--bottom-mod-t: 0px;--top-mod-m:90px;--bottom-mod-m:0px;\" ><div class=\"text_block_out\"  data-effect=\"standard\" style=\"\"><div class=\"text_block ux-mod-nobg\"><div class=\"text_block_inn\"><div id=\"text-1617002702984\" class=\"text_block_centered text_block_centered_enable_width\"  style=\"\"><p><span style=\"font-size: 12px;\">Paul Copp\u00e9r\u00e9 est architecte dipl\u00f4m\u00e9 de l\u2019Ecole Nationale Sup\u00e9rieure d\u2019Architecture de Lyon en 2015, il a re\u00e7u son habilitation \u00e0 la maitrise d\u2019\u0153uvre en nom propre en 2020 \u00e0 l\u2019Ecole Nationale Sup\u00e9rieure d\u2019Architecture de Paris Val-de-Seine.<\/span><\/p>\n<p><br><span style=\"font-size: 12px;\">Il cr\u00e9\u00e9 la soci\u00e9t\u00e9 d\u2019architecture Paul Copp\u00e9r\u00e9 Architecte en 2022 \u00e0 Lyon, apr\u00e8s 7 ann\u00e9es de collaboration en tant que chef de projet au Studio Vincent Eschalier \u00e0 Paris.<\/span><\/p>\n<p><br><span style=\"font-size: 12px;\">Il a exerc\u00e9 un an aupr\u00e8s de l\u2019architecte Andrew Burns, \u00e0 Sydney, en 2015.<\/span><\/p>\n<p><br><span style=\"font-size: 12px;\">Son parcours professionnel l\u2019a \u00e9galement men\u00e9 \u00e0 travailler aupr\u00e8s des architectes des monuments historiques Didier Repellin et Jean-Fran\u00e7ois Grange-Chavanis, ainsi qu\u2019 aupr\u00e8s d\u2019un ma\u00e7on sp\u00e9cialis\u00e9 en ma\u00e7onnerie \u00e0 l\u2019ancienne et taille de pierre en tant qu\u2019apprenti durant plusieurs ann\u00e9es.<\/span><\/p><\/div><\/div><\/div><\/div><\/div><\/div><\/div><\/div><div id=\"row-titre-propos\" class=\"module col-12 module-id-1736439571859\" data-module-col=\"12\"><div class=\"module-inside text-inside\" style=\"--top-mod: 60px;--bottom-mod: 0px;--top-mod-t: 60px;--bottom-mod-t: 0px;--top-mod-m:30px;--bottom-mod-m:0px;\" ><div class=\"text_block_out\"  data-effect=\"standard\" style=\"\"><div class=\"text_block ux-mod-nobg\"><div class=\"text_block_inn\"><div id=\"text-1736439571859\" class=\"text_block_centered text_block_centered_enable_width\"  style=\"\"><p>Articles de presse<\/p><\/div><\/div><\/div><\/div><\/div><\/div><div id=\"\" class=\"module col-12 module-id-1736439848851\" data-module-col=\"12\"><div class=\"module-inside single-image-inside\" style=\"--cornerRadius:0px 0px 0px 0px ; --top-mod: 20px;--bottom-mod: 0px;--top-mod-t: 20px;--bottom-mod-t: 0px;--top-mod-m:10px;--bottom-mod-m:0px;\" ><div class=\"single-image-out left-ux left-ux-m\"  ><figure class=\"single-image   single-image-notfull   \" no><div class=\"ux-hover-wrap anima-wrap\" style=\"padding-top: 129.42989214176%;\"><a class=\"ux-hover-wrap-a\" href=\"https:\/\/paul-coppere.com\/wp-content\/uploads\/2025\/01\/ARTICLE.pdf\" target=\"_blank\" rel=\" noopener noreferrer \"><img alt=\"couverture-sothebys\" class=\"single-image-img img1st lazy \" src=\"data:image\/gif;base64,R0lGODlhAQABAIAAAAAAAP\/\/\/yH5BAEAAAAALAAAAAABAAEAAAIBRAA7\" data-src=\"https:\/\/paul-coppere.com\/wp-content\/uploads\/2025\/01\/couverture-sothebys.png\" data-srcset=\"https:\/\/paul-coppere.com\/wp-content\/uploads\/2025\/01\/couverture-sothebys.png 649w, https:\/\/paul-coppere.com\/wp-content\/uploads\/2025\/01\/couverture-sothebys-232x300.png 232w, https:\/\/paul-coppere.com\/wp-content\/uploads\/2025\/01\/couverture-sothebys-350x453.png 350w\" data-sizes=\"(max-width: 480px) 320px,(max-width: 767px) 500px,(max-width: 649px) 100vw, 649px\" width=\"649\" height=\"840\" \/><\/a><\/div><\/figure><\/div><\/div><\/div><\/div>","protected":false},"excerpt":{"rendered":"<p>Paul Copp\u00e9r\u00e9 est architecte dipl\u00f4m\u00e9 de l\u2019Ecole Nationale Sup\u00e9rieure d\u2019Architecture &hellip;<\/p>\n","protected":false},"author":1,"featured_media":0,"parent":0,"menu_order":0,"comment_status":"closed","ping_status":"closed","template":"","meta":[],"_links":{"self":[{"href":"https:\/\/paul-coppere.com\/index.php?rest_route=\/wp\/v2\/pages\/36"}],"collection":[{"href":"https:\/\/paul-coppere.com\/index.php?rest_route=\/wp\/v2\/pages"}],"about":[{"href":"https:\/\/paul-coppere.com\/index.php?rest_route=\/wp\/v2\/types\/page"}],"author":[{"embeddable":true,"href":"https:\/\/paul-coppere.com\/index.php?rest_route=\/wp\/v2\/users\/1"}],"replies":[{"embeddable":true,"href":"https:\/\/paul-coppere.com\/index.php?rest_route=%2Fwp%2Fv2%2Fcomments&post=36"}],"version-history":[{"count":1,"href":"https:\/\/paul-coppere.com\/index.php?rest_route=\/wp\/v2\/pages\/36\/revisions"}],"predecessor-version":[{"id":338,"href":"https:\/\/paul-coppere.com\/index.php?rest_route=\/wp\/v2\/pages\/36\/revisions\/338"}],"wp:attachment":[{"href":"https:\/\/paul-coppere.com\/index.php?rest_route=%2Fwp%2Fv2%2Fmedia&parent=36"}],"curies":[{"name":"wp","href":"https:\/\/api.w.org\/{rel}","templated":true}]}}

<div class="bm-builder clearfix "><div id="row-paragraph-propos" class="module col-8 module-id-1617002701667 bm-wrap row-top row-right" data-module-col="8" data-change-color="off" data-backcolor="transparent" data-frontcolor="" data-logocolor="" data-goto-top="off" data-goto-top-spacing="0" data-goto-disable-m="off" data-groupsameheight="off"><div class="module-inside group-inside" style="--cornerRadius:0px 0px 0px 0px ; --top-mod: 0px;--bottom-mod: 0px;--top-mod-t: 0px;--bottom-mod-t: 0px;--top-mod-m:0px;--bottom-mod-m:0px;" ><div id="" class="module col-8 module-id-1617002702984 col-offset-0" data-module-col="8"><div class="module-inside text-inside" style="--top-mod: 220px;--bottom-mod: 0px;--top-mod-t: 220px;--bottom-mod-t: 0px;--top-mod-m:90px;--bottom-mod-m:0px;" ><div class="text_block_out"  data-effect="standard" style=""><div class="text_block ux-mod-nobg"><div class="text_block_inn"><div id="text-1617002702984" class="text_block_centered text_block_centered_enable_width"  style=""><p><span style="font-size: 12px;">Paul Coppéré est architecte diplômé de l’Ecole Nationale Supérieure d’Architecture de Lyon en 2015, il a reçu son habilitation à la maitrise d’œuvre en nom propre en 2020 à l’Ecole Nationale Supérieure d’Architecture de Paris Val-de-Seine.</span></p>
<p><br><span style="font-size: 12px;">Il créé la société d’architecture Paul Coppéré Architecte en 2022 à Lyon, après 7 années de collaboration en tant que chef de projet au Studio Vincent Eschalier à Paris.</span></p>
<p><br><span style="font-size: 12px;">Il a exercé un an auprès de l’architecte Andrew Burns, à Sydney, en 2015.</span></p>
<p><br><span style="font-size: 12px;">Son parcours professionnel l’a également mené à travailler auprès des architectes des monuments historiques Didier Repellin et Jean-François Grange-Chavanis, ainsi qu’ auprès d’un maçon spécialisé en maçonnerie à l’ancienne et taille de pierre en tant qu’apprenti durant plusieurs années.</span></p></div></div></div></div></div></div></div></div><div id="row-titre-propos" class="module col-12 module-id-1736439571859" data-module-col="12"><div class="module-inside text-inside" style="--top-mod: 60px;--bottom-mod: 0px;--top-mod-t: 60px;--bottom-mod-t: 0px;--top-mod-m:30px;--bottom-mod-m:0px;" ><div class="text_block_out"  data-effect="standard" style=""><div class="text_block ux-mod-nobg"><div class="text_block_inn"><div id="text-1736439571859" class="text_block_centered text_block_centered_enable_width"  style=""><p>Articles de presse</p></div></div></div></div></div></div><div id="" class="module col-12 module-id-1736439848851" data-module-col="12"><div class="module-inside single-image-inside" style="--cornerRadius:0px 0px 0px 0px ; --top-mod: 20px;--bottom-mod: 0px;--top-mod-t: 20px;--bottom-mod-t: 0px;--top-mod-m:10px;--bottom-mod-m:0px;" ><div class="single-image-out left-ux left-ux-m"  ><figure class="single-image   single-image-notfull   " no><div class="ux-hover-wrap anima-wrap" style="padding-top: 129.42989214176%;"><a class="ux-hover-wrap-a" href="https://paul-coppere.com/wp-content/uploads/2025/01/ARTICLE.pdf" target="_blank" rel=" noopener noreferrer "><img alt="couverture-sothebys" class="single-image-img img1st lazy " src="data:image/gif;base64,R0lGODlhAQABAIAAAAAAAP///yH5BAEAAAAALAAAAAABAAEAAAIBRAA7" data-src="https://paul-coppere.com/wp-content/uploads/2025/01/couverture-sothebys.png" data-srcset="https://paul-coppere.com/wp-content/uploads/2025/01/couverture-sothebys.png 649w, https://paul-coppere.com/wp-content/uploads/2025/01/couverture-sothebys-232x300.png 232w, https://paul-coppere.com/wp-content/uploads/2025/01/couverture-sothebys-350x453.png 350w" data-sizes="(max-width: 480px) 320px,(max-width: 767px) 500px,(max-width: 649px) 100vw, 649px" width="649" height="840" /></a></div></figure></div></div></div></div>

<p>Paul Coppéré est architecte diplômé de l’Ecole Nationale Supérieure d’Architecture &hellip;</p>
